n base 15, what is -a285c + 8?
-a2854
In base 13, what is -4b4ac - 208?
-4b6b7
In base 8, what is 252 - -334260?
334532
In base 6, what is 1452302553 + -3?
1452302550
In base 14, what is 2 + -986044?
-986042
In base 2, what is -100111011100111111001 - -1011101100?
-100111011011100001101
In base 7, what is 351 + -16561003?
-16560322
In base 6, what is 11401402 - 30?
11401332
In base 8, what is -5 - -16440000?
16437773
In base 11, what is 5208 + 1a0?
53a8
In base 11, what is 4754 + -15906?
-11162
In base 2, what is -101 - -1010101010000011010110?
1010101010000011010001
In base 14, what is 279da + -121a?
267c0
In base 12, what is -29 + -649b9b?
-64a008
In base 14, what is -97d3 - -87?
-974a
In base 10, what is -886 + -70354?
-71240
In base 3, what is 11120211 - -10110?
11201021
In base 14, what is 885d2 + -1dc?
883d4
In base 7, what is -32550 - 2212?
-35062
In base 13, what is 65cb72 + -3?
65cb6c
In base 15, what is 5a - -d10bd?
d1128
In base 8, what is 5421 - 10460?
-3037
In base 5, what is -302142113 + 1142?
-302140421
In base 3, what is 111020001110202 - 2?
111020001110200
In base 12, what is 85428 - 188?
85260
In base 7, what is 3 - -6556355?
6556361
In base 6, what is 11223 + -13300?
-2033
In base 14, what is -479 - 1bab?
-2246
In base 2, what is 100 - -1000000001010000011000001011?
1000000001010000011000001111
In base 11, what is 53 + 108631?
108684
In base 4, what is -12323 + 10031010?
10012021
In base 4, what is -320331232010322 - 3?
-320331232010331
In base 5, what is 11102314 + -3241?
11044023
In base 15, what is 419d + 7350?
b4ed
In base 3, what is -1022212210 - 11000202?
-1110220112
In base 15, what is 7ba101 - -5?
7ba106
In base 9, what is -138 + 347388?
347250
In base 9, what is -11635318 - 34?
-11635353
In base 3, what is -1212001221010 + 11?
-1212001220222
In base 6, what is 2 - 50021245?
-50021243
In base 11, what is 17 + -2746517?
-2746500
In base 13, what is 3 + -10862cc2?
-10862cbc
In base 3, what is -112101111 + -202121?
-120011002
In base 5, what is -4 + -3011342412?
-3011342421
In base 8, what is -120114 - -467?
-117425
In base 15, what is 1288 - -63a3?
763b
In base 9, what is 86100 + 884?
87084
In base 8, what is -354 - -1377222?
1376646
In base 6, what is -3523 + 150425?
142502
In base 6, what is -55152200 + 334?
-55151422
In base 9, what is -2 - -740230528?
740230526
In base 15, what is c9c6 + -62?
c964
In base 14, what is -168560d - 64?
-1685673
In base 6, what is -114321 + -3201?
-121522
In base 3, what is 1222020201 - -2212100?
2002010001
In base 6, what is -104321521 + 5?
-104321512
In base 13, what is -9c32 - -1583?
-867c
In base 10, what is 19901097 + -8?
19901089
In base 6, what is -3305 + 24552323?
24545014
In base 6, what is 524 + 323034?
324002
In base 13, what is 320a5c2 + c?
320a601
In base 9, what is -2086717 - 4?
-2086722
In base 6, what is 14 - -1251255301?
1251255315
In base 10, what is -212326 - -2665?
-209661
In base 16, what is -2e61 + -a921?
-d782
In base 8, what is 12336763205 + -5?
12336763200
In base 4, what is 13300013233 - -330?
13300020223
In base 11, what is 19 - 114704?
-114696
In base 14, what is 3a4b - 2a2?
3789
In base 12, what is 7 - -37926?
37931
In base 2, what is 11001011101011010 - 111?
11001011101010011
In base 14, what is 2102 - 2815?
-713
In base 5, what is -400442013 + 22?
-400441441
In base 13, what is 60 + 111446?
1114a6
In base 14, what is -122 - -138276?
138154
In base 3, what is -20000202020021 - 11?
-20000202020102
In base 4, what is 12121020030 + 1010?
12121021100
In base 5, what is -313001030012 + 4?
-313001030003
In base 11, what is 1938 + 5459?
7296
In base 16, what is 4 - 1fcca35?
-1fcca31
In base 3, what is -12000 + -2022101201?
-2022120201
In base 12, what is 2 + 1342762?
1342764
In base 2, what is 10010101000001010 - -1010?
10010101000010100
In base 8, what is 660376016 - 2?
660376014
In base 3, what is -121221212 - 121020021?
-1020012010
In base 15, what is 177 + 62d1a?
62e92
In base 11, what is -a2330 + -152?
-a2482
In base 9, what is 23883 - -1028?
25022
In base 14, what is 8 + -11356?
-1134c
In base 5, what is 44044 + -1341212?
-1242113
In base 7, what is -131442614 + 2?
-131442612
In base 5, what is 14123310133 - 2?
14123310131
In base 15, what is -17dc1e2 - -7?
-17dc1da
In base 8, what is 22230 - -4556?
27006
In base 15, what is b6c75 + -79?
b6beb
In base 6, what is -502323 - 4415?
-511142
In base 10, what is -2 - -28572846?
28572844
In base 10, what is 0 - 1437132?
-1437132
In base 11, what is 149 - -142966a?
1429808
In base 8, what is -14 - 74560416?
-74560432
In base 2, what is -11 - -11000000000101011010100110?
11000000000101011010100011
In base 8, what is 4105147504 + 5?
4105147511
In base 4, what is -2 - -110223333111?
110223333103
In base 14, what is -251db13a + 2?
-251db138
In base 16, what is 6 - -a6ee81c?
a6ee822
In base 13, what is -33872 + 22c6?
-31579
In base 14, what is 7 - 837b6?
-837ad
In base 7, what is 2 + 135141156?
135141161
In base 16, what is -ffff - 3b?
-1003a
In base 4, what is 210120011231020 + -11?
210120011231003
In base 8, what is 20347161 - 1?
20347160
In base 11, what is -37698 + -941?
-38529
In base 7, what is -116 + 325056520?
325056401
In base 11, what is 1008357 - -6?
1008362
In base 7, what is 2013 + -1164610?
-1162564
In base 16, what is 41 - -1e930?
1e971
In base 8, what is -25 + 6703305?
6703260
In base 2, what is -10100001000 - 1111100101010?
-10010000110010
In base 13, what is -15a20 + -25?
-15a45
In base 16, what is 21ce + -12db4?
-10be6
In base 6, what is 1 - 2440255222?
-2440255221
In base 13, what is 746c + -16a8?
5a94
In base 3, what is 10122010211011200 + -10?
10122010211011120
In base 2, what is -10101 - -110010111100111?
110010111010010
In base 6, what is -3 + -55551544?
-55551551
In base 2, what is -1101 + 1001110101000?
1001110011011
In base 10, what is 5 + 6592282?
6592287
In base 14, what is -154250b2 + -4?
-154250b6
In base 12, what is -7 - -92a37a?
92a373
In base 4, what is 313 - 123130031?
-123123112
In base 8, what is -20304342 + 20?
-20304322
In base 4, what is -1 + -10021123102?
-10021123103
In base 3, what is -20 - 112211120011012?
-112211120011102
In base 9, what is 1388 - -37462?
38861
In base 4, what is -2321322003 + -12020?
-2322000023
In base 13, what is 2b + a6ab0?
a6b0b
In base 10, what is 1332 - -50052?
51384
In base 9, what is -168863 + 22?
-168841
In base 10, what is 1 + 9694658?
9694659
In base 2, what is 10100110110 - -100011000100?
110111111010
In base 12, what is a48442 - -66?
a484a8
In base 13, what is -1a1a042 - -11?
-1a1a031
In base 11, what is -13228729 - 4?
-13228732
In base 9, what is 20082463 + 23?
20082486
In base 14, what is 1364acd - 47?
1364a86
In base 8, what is 25640207 - -42?
25640251
In base 2, what is -10101011 - 110011100111001101?
-110011101001111000
In base 6, what is 132055444 + 1041?
132100525
In base 4, what is 13300103 - 3220?
13230223
In base 15, what is -cdb9290 + 0?
-cdb9290
In base 4, what is 11 - -13133331023?
13133331100
In base 16, what is -f3c37 - -b9?
-f3b7e
In base 16, what is -99ea - -7d?
-996d
In base 16, what is 3 + -1ae1aeb?
-1ae1ae8
In base 16, what is -5 - -a30246a?
a302465
In base 7, what is -1103 - -2265233?
2264130
In base 13, what is 3a1b717 + 2?
3a1b719
In base 9, what is 720 - -1187320?
1188140
In base 11, what is -135817040 + 5?
-135817036
In base 6, what is -4543 - -101213?
52230
In base 3, what is 1000020222 + 102120?
1000200112
In base 14, what is -3 + 9d38d31?
9d38d2c
In base 2, what is -1001100111011 + 1001101000111010111?
1001011111010011100
In base 4, what is -100330123 + 212?
-100323311
In base 14, what is -856778d5 + -3?
-856778d8
In base 6, what is 12003511 - 111?
12003400
In base 7, what is 4 - 156012600?
-156012563
In base 5, what is -314 - -10411103?
10410234
In base 8, what is 60355 - 43022?
15333
In base 7, what is -51405064 + -21?
-51405115
In base 7, what is 11143634346 + -4?
11143634342
In base 8, what is 26 - -1575013?
1575041
In base 10, what is 5 - -568531?
568536
In base 12, what is 15a - 62b2?
-6154
In base 16, what is e6a553 + -13?
e6a540
In base 15, what is -58a86 + -11?
-58a97
In base 15, what is -15 - -bec02?
bebdc
In base 3, what is -11 - -211212211222111?
211212211222100
In base 3, what is -1121200020222100 - 2?